{"id":190,"date":"2024-04-05T08:52:07","date_gmt":"2024-04-05T05:52:07","guid":{"rendered":"https:\/\/yalitim.ustalar.com\/?page_id=190"},"modified":"2024-04-05T08:52:07","modified_gmt":"2024-04-05T05:52:07","slug":"neden-biz","status":"publish","type":"page","link":"https:\/\/yalitim.ustalar.com\/?page_id=190","title":{"rendered":"NEDEN B\u0130Z ."},"content":{"rendered":"\n<p><strong>Enerji verimli, g\u00fcvenli, sa\u011fl\u0131kl\u0131, konforlu binalarda ya\u015faman\u0131n en \u00f6nemli ko\u015fullar\u0131ndan olan \u0131s\u0131,su,ses ve yang\u0131n yal\u0131t\u0131m\u0131 uygulamalar\u0131 do\u011fru malzeme ve do\u011fru uygulamalarla yap\u0131ld\u0131\u011f\u0131 takdirde amac\u0131na ula\u015fmakta \u00fclke ekonomisine ve vatanda\u015flar\u0131m\u0131z\u0131n b\u00fct\u00e7esine katk\u0131 sa\u011flamaktad\u0131r.<\/strong><\/p>\n\n\n\n<p><em>\u00c7ok \u00e7e\u015fitli yal\u0131t\u0131m malzemeleri aras\u0131nda se\u00e7im yaparken t\u00fcketicilerin g\u00f6z \u00f6n\u00fcnde bulundurmas\u0131 gereken en \u00f6nemli nokta yal\u0131t\u0131m malzemelerinin yasalarla belirlenen kalite \u015fartlar\u0131n\u0131 sa\u011flam\u0131\u015f ve belgelemi\u015f olmas\u0131d\u0131r. \u00dclkemizde her sekt\u00f6rde oldu\u011fu gibi yal\u0131t\u0131m sekt\u00f6r\u00fcnde de mevcut olan haks\u0131z rekabet ko\u015fullar\u0131, merdiven alt\u0131 \u00fcretilen kalitesiz ancak ucuz \u00fcr\u00fcnler t\u00fcketiciyi yan\u0131ltmakta ve yapt\u0131rd\u0131klar\u0131 yal\u0131t\u0131m uygulamalar\u0131ndan verim almalar\u0131n\u0131 engellemektedir.<\/em><\/p>\n\n\n\n<p>Bu ama\u00e7la iyi tespit , kalite \u00fcr\u00fcn ile sizlerin yal\u0131t\u0131m konusunda sizlere profesyonel \u00e7\u00f6z\u00fcmler sunmaktay\u0131z.<\/p>\n\n\n\n<p><\/p>\n\n\n\n<p><\/p>\n","protected":false},"excerpt":{"rendered":"<p>Enerji verimli, g\u00fcvenli, sa\u011fl\u0131kl\u0131, konforlu binalarda ya\u015faman\u0131n en \u00f6nemli ko\u015fullar\u0131ndan olan \u0131s\u0131,su,ses ve yang\u0131n yal\u0131t\u0131m\u0131 uygulamalar\u0131 do\u011fru malzeme ve do\u011fru uygulamalarla yap\u0131ld\u0131\u011f\u0131 takdirde amac\u0131na ula\u015fmakta \u00fclke ekonomisine ve vatanda\u015flar\u0131m\u0131z\u0131n b\u00fct\u00e7esine katk\u0131 sa\u011flamaktad\u0131r. \u00c7ok \u00e7e\u015fitli yal\u0131t\u0131m malzemeleri aras\u0131nda se\u00e7im yaparken t\u00fcketicilerin g\u00f6z \u00f6n\u00fcnde bulundurmas\u0131 gereken en \u00f6nemli nokta yal\u0131t\u0131m malzemelerinin yasalarla belirlenen kalite \u015fartlar\u0131n\u0131 sa\u011flam\u0131\u015f ve [&hellip;]<\/p>\n","protected":false},"author":1,"featured_media":0,"parent":0,"menu_order":0,"comment_status":"closed","ping_status":"closed","template":"","meta":{"footnotes":""},"class_list":["post-190","page","type-page","status-publish","hentry"],"_links":{"self":[{"href":"https:\/\/yalitim.ustalar.com\/index.php?rest_route=\/wp\/v2\/pages\/190","targetHints":{"allow":["GET"]}}],"collection":[{"href":"https:\/\/yalitim.ustalar.com\/index.php?rest_route=\/wp\/v2\/pages"}],"about":[{"href":"https:\/\/yalitim.ustalar.com\/index.php?rest_route=\/wp\/v2\/types\/page"}],"author":[{"embeddable":true,"href":"https:\/\/yalitim.ustalar.com\/index.php?rest_route=\/wp\/v2\/users\/1"}],"replies":[{"embeddable":true,"href":"https:\/\/yalitim.ustalar.com\/index.php?rest_route=%2Fwp%2Fv2%2Fcomments&post=190"}],"version-history":[{"count":1,"href":"https:\/\/yalitim.ustalar.com\/index.php?rest_route=\/wp\/v2\/pages\/190\/revisions"}],"predecessor-version":[{"id":192,"href":"https:\/\/yalitim.ustalar.com\/index.php?rest_route=\/wp\/v2\/pages\/190\/revisions\/192"}],"wp:attachment":[{"href":"https:\/\/yalitim.ustalar.com\/index.php?rest_route=%2Fwp%2Fv2%2Fmedia&parent=190"}],"curies":[{"name":"wp","href":"https:\/\/api.w.org\/{rel}","templated":true}]}}